135 and n.
27
Let q(s) = 2*s. Let a be q(7). Let v be ((-1)/(-2))/((-2)/88). Let y be (-1536)/v + (-4)/(-22). Calculate the highest common factor of y and a.
14
Let m be -2 + (6 + -3 - -44). Let p = 107 - 92. What is the highest common divisor of m and p?
15
Let f(c) = 23 - 11 - 22 + 64*c. Let x be f(3). What is the highest common factor of x and 26?
26
Suppose 0 = -6*p + 7*p. Suppose 2*l + 78 = 2*n, -5*n - 3*l - 10 + 181 = p. Calculate the highest common factor of n and 108.
36
Let h(f) = -f + 2. Let v be h(-1). Suppose 452 = 3*x + 2*x - m, -267 = -v*x + 2*m. Calculate the highest common factor of 7 and x.
7
Let w(c) = -6*c + 529. Let t be w(47). What is the greatest common divisor of t and 38?
19
Suppose -l - 12 = 2*l, 4*o - 2*l - 36 = 0. Let t(c) = c**3 + 11*c**2 - 39*c - 168. Let b be t(-13). Calculate the highest common factor of b and o.
1
Let s(l) = -l**2 + 8*l - 2. Let g be s(7). Suppose 6*z - 67 + 137 = 20*z. What is the highest common divisor of g and z?
5
Let o(i) = -5*i - 23. Let z be o(-5). Suppose 5*x = 2*w + 107, 0*w - 3*w + 58 = z*x. Calculate the greatest common divisor of x and 184.
23
Let v = 1630 + -1611. Suppose -248 = -5*z + 607. Calculate the highest common factor of z and v.
19
Let y(c) = c**2 - 10*c - 25. Let x be y(-6). Suppose 32 + x = -s. Let i = s - -180. Calculate the greatest common divisor of 11 and i.
11
Suppose 2*z + 44 = j + 121, -3*z + 117 = -3*j. Let g = z - 25. Let x = 679 - 575. What is the highest common divisor of g and x?
13
Let d(w) = -w**2 + 11*w + 2. Let s be d(10). Let g = 0 + s. Let x be 2/(-8) + 1587/g. Calculate the highest common factor of 12 and x.
12
Let o(n) = 106*n + 2549. Let z be o(-24). Suppose -2*s + 78 + 2 = 0. What is the highest common factor of z and s?
5
Let n = -3 - -13. Let l be 12*(128/12 + -4). Let b = 10 + l. What is the highest common divisor of b and n?
10
Let f(x) = -11*x + 143. Let s be f(12). Let o(y) = -3*y**3 + 4*y**2 + 4. Let g be o(-3). What is the greatest common divisor of s and g?
11
Let z be ((-792)/(-21) - 3) + 10/35. Calculate the highest common factor of z and 280.
35
Suppose 0 = -4*s + g + 61, g + 2*g - 25 = -s. What is the highest common divisor of s and 40?
8
Let a = 112 + -44. Suppose -a = -18*g + 22. What is the highest common divisor of 15 and g?
5
Let n = -1371 - -1412. What is the greatest common divisor of 656 and n?
41
Suppose 941 = 4*x - t, t + 3 = 2*t. What is the highest common factor of x and 295?
59
Suppose 0 = 5*i, 3*h - 6*h + 3 = -4*i. Let w be (32/(-20))/h*-10. Calculate the highest common factor of 2 and w.
2
Let q = 7 + 13. Let r = 23 - q. Let h be 3*r/(-9)*-99. What is the highest common divisor of 9 and h?
9
Let j = -97 - -136. Suppose 2*u + 3 = j. Calculate the highest common factor of 2 and u.
2
Let l(y) = 23*y + 303. Let z be l(-13). What is the highest common divisor of 158 and z?
2
Let x be (-405)/10 + (-3)/2. Let a = x - -48. Calculate the highest common factor of 42 and a.
6
Suppose -5*w - 1215 = 2*k, -5*w + 1611 + 274 = -3*k. Let x be (k/25)/((-6)/15). What is the highest common factor of x and 155?
31
Suppose -3*s - 1091 - 286 = 0. Let p be 1 + s/6*14/(-21). Suppose 0 = 5*n - 3*m - 59, -m - 1 = 3*n - 42. What is the greatest common divisor of p and n?
13
Suppose 3*a = 5*a - 8. Let n be (4 - 3)*(a + -1). What is the greatest common divisor of n and 2?
1
Suppose 0 = 2*i + 3*i - 45. Let q be (46/(-138))/((-3)/648). What is the greatest common divisor of q and i?
9
Suppose -51 = -4*f + u, f + 3*u = 20 - 4. Let d be f/(-39) + (-506)/(-6). Calculate the greatest common factor of d and 42.
42
Let j = 2403 + -2402. Suppose 4 = 5*s - 1. Calculate the highest common divisor of s and j.
1
Let z be (-5)/(8 - -2) - 19/(-2). Let p be ((-2 + 1)*1)/(-1). What is the highest common divisor of z and p?
1
Let a be (-1586)/(-11) + (-6)/33. Suppose -5*n = -n - 60. Let i be (-6)/(n/(-80)*2). What is the highest common divisor of i and a?
16
Let w be 4/(32/2) - (-1534)/8. Let s be 3 + 2 + 1 + -2. Suppose s*h = 60 + 36. Calculate the greatest common factor of h and w.
24
Let i(j) = 5*j - 14. Let r be i(6). Let l be (77/3 + 1)/(10/30). What is the highest common divisor of r and l?
16
Let p be (-1 - -11)*(-2)/5. Let v = 20 + -14. Let i be p/v - 74/(-3). Calculate the greatest common divisor of i and 16.
8
Let a(h) = -h**2 - 9*h - 2. Let p be a(-6). Let g(y) = y**2 + 12*y - 3. Let w be g(-10). Let d = w + 55. What is the highest common factor of d and p?
16
Suppose 0 = u + 2*u - 54. Let c be ((-54)/(-8))/((-27)/(-360)). What is the highest common factor of u and c?
18
Let r be (-1)/(-4)*-546*(-2)/3. Calculate the greatest common factor of r and 1547.
91
Let a = -39 - -55. Let o = a + -29. Let k(w) = -w**2 - 24*w - 3. Let y be k(o). Calculate the highest common factor of y and 20.
20
Suppose -a = 2*r - 19, -2 + 6 = -3*r + 5*a. Suppose 3*i - 2*f - 40 = 59, 3*f = -i + 44. Calculate the greatest common factor of i and r.
7
Let n(b) = 15*b + 129. Let m be n(-4). What is the greatest common factor of 207 and m?
69
Suppose -5*k = -3*d - 2204 - 711, 2*k - d = 1165. What is the greatest common factor of 100 and k?
20
Suppose -34*j = -39*j + 40. What is the highest common divisor of j and 12?
4
Let f = -490 + 1309. Calculate the greatest common divisor of 63 and f.
63
Let t be 110*2*(-2)/(-4). Let r = -41 - -44. Let a be r/(-1)*-1 + (-3 - -22). What is the highest common factor of t and a?
22
Let n(v) = 5*v - 27. Let i be n(12). Let s = -11 + i. Calculate the highest common divisor of 2 and s.
2
Let a = 240 + -108. Suppose -4*w + 440 = -a. Calculate the highest common factor of 13 and w.
13
Let t(a) = a + 41. Let p be t(30). Suppose 4*i - 391 = -p. Let o = -67 - -99. What is the greatest common divisor of o and i?
16
Suppose -b + 151 = 2*g - 0*g, g = -2. What is the highest common factor of 15 and b?
5
Suppose 7*l + 18 = l. Let h(w) = 6*w**2 + 6*w. Let k be h(l). Calculate the highest common divisor of 9 and k.
9
Suppose 94 = 4*m + 21*w - 18*w, -5*m - 5*w + 120 = 0. Calculate the greatest common divisor of 11 and m.
11
Let z = 33 + -3. Let h be 282/z + 3/5. Suppose 1 = -p + s, s + h = 4*p + 4*s. What is the greatest common factor of p and 4?
1
Let r(l) = 4*l**2 + 68*l - 17. Let x be r(7). What is the highest common divisor of 10 and x?
5
Let z = 94 + -69. Suppose -5*x + z = -u, x + 4*u = -3*x + 20. Calculate the greatest common divisor of 55 and x.
5
Let q(x) = 6*x - 11. Let z(b) = -b - 1. Let h(s) = -q(s) - 5*z(s). Let y be h(-8). Calculate the greatest common factor of 36 and y.
12
Suppose -5*c + 48 = -2*c. Suppose 9*j - c*j + 7 = 0. Calculate the highest common factor of j and 9.
1
Let h = 1361 + -724. What is the highest common factor of h and 26?
13
Suppose -3*w = 2*w - 85. Let v = w - 5. Calculate the greatest common factor of 30 and v.
6
Let x(v) = 3*v**3 + 60*v**2 - 9*v - 20. Let t be x(-20). Suppose -p - 4*p = 3*c - 308, 5*p + c = 316. What is the highest common divisor of t and p?
32
Let q(i) = -2*i**2 + 4*i + 8. Let y be q(4). Let n(f) = -f**2 - 11*f + 14. Let x be n(y). Calculate the highest common divisor of 342 and x.
38
Suppose -855 = 79*w - 84*w. Calculate the highest common factor of 247 and w.
19
Let x(k) = 120*k**2 + 8*k + 9. Let v be x(-3). Calculate the highest common factor of v and 15.
15
Suppose -19*f + 1152 = 69. Calculate the greatest common divisor of 285 and f.
57
Let f = 51 + -3. Let s = 19 + -13. What is the highest common divisor of f and s?
6
Let y be (22/2 - 4)/1. Let u be (5 - y)*3/(-2). Let x be 1*(u + -2)*1. Calculate the greatest common divisor of x and 1.
1
Let f(y) = 12*y + 4. Let w be f(3). Suppose w = -n + 6*n. Suppose 3*o + 2*o - 3*r = 440, 3*r = -4*o + 352. What is the highest common divisor of n and o?
8
Let g(n) = n**3 + 10*n**2 + 9*n + 9. Suppose -63 = 2*u + 5*u. Let k be g(u). Calculate the highest common factor of k and 27.
9
Suppose -2*w = 11*d - 10*d - 790, -25 = 5*w. Calculate the highest common divisor of 32 and d.
32
Let x be ((-7)/(28/(-76)))/(2/10). Let b = -64 - -178. Let t be ((-4)/(-6))/(2/b). What is the highest common factor of x and t?
19
Suppose 485 = 5*n - 340. Suppose 167 = 7*j - 2*j + g, 0 = j - 2*g - 29. Calculate the highest common divisor of n and j.
33
Suppose -s - 29 = -0*s. Let j = -5 - s. L